ultiple of 53?
False
Is 187 a factor of 5998070?
False
Is 170 a factor of 54806026?
False
Does 148 divide 1545996?
False
Is 2199078 a multiple of 49?
False
Is 45759245 a multiple of 1773?
False
Does 6289 divide 197267063?
True
Is 493464165 a multiple of 20?
False
Does 340 divide 58155579?
False
Is 1253616 a multiple of 16?
True
Is 3405 a factor of 3832109580?
True
Does 4 divide 24006985?
False
Is 19068901 a multiple of 2?
False
Does 3255 divide 1339956555?
True
Is 20321735 a multiple of 117?
False
Is 140126152 a multiple of 3736?
True
Is 66274520 a multiple of 6058?
True
Is 1304707356 a multiple of 18?
True
Is 7318978 a multiple of 442?
False
Does 19 divide 36565082?
True
Is 35 a factor of 100287810?
True
Is 163 a factor of 2761816?
False
Is 7434856 a multiple of 88?
True
Is 408 a factor of 617726695?
False
Is 109165433 a multiple of 13?
True
Is 80 a factor of 4412183335?
False
Is 14 a factor of 160063296?
False
Does 25 divide 11255709?
False
Does 43 divide 709827832?
True
Is 4603415027 a multiple of 2391?
False
Is 144 a factor of 71160624?
True
Is 1001 a factor of 46482567?
False
Is 946990486 a multiple of 13?
True
Is 66 a factor of 40536936?
True
Is 29 a factor of 483565517?
True
Is 272 a factor of 19346816?
True
Is 10 a factor of 119806785?
False
Does 10 divide 108797890?
True
Does 51 divide 16704564?
False
Is 51 a factor of 4315314?
True
Does 2303 divide 189906742?
False
Is 586371099 a multiple of 162?
False
Does 234 divide 7813322?
False
Does 590 divide 18483616?
False
Is 7 a factor of 2952716?
False
Is 31 a factor of 1932136551?
False
Is 25366417 a multiple of 47?
True
Is 1200050199 a multiple of 180?
False
Is 18 a factor of 2063676?
False
Is 190145322 a multiple of 18?
True
Is 264490669 a multiple of 11?
False
Is 67619287 a multiple of 193?
True
Is 143193610 a multiple of 1785?
False
Is 402 a factor of 55041644?
False
Does 105 divide 17379600?
True
Does 1027 divide 404956370?
True
Is 6 a factor of 14851519?
False
Does 110 divide 163187750?
True
Does 24 divide 77211840?
True
Is 52036458 a multiple of 43?
False
Is 1065688800 a multiple of 25?
True
Does 92 divide 66908380?
True
Is 411 a factor of 10886048?
False
Does 486 divide 19189710?
True
Is 960663101 a multiple of 802?
False
Is 1179289300 a multiple of 70?
True
Is 7 a factor of 147017857?
True
Does 14 divide 5752166?
True
Is 69 a factor of 1879803639?
True
Does 24 divide 871007688?
True
Is 12 a factor of 505634645?
False
Is 1460 a factor of 1957846860?
True
Does 83 divide 54242326?
True
Does 3 divide 273549?
True
Does 1686 divide 24265775?
False
Does 220 divide 7884580?
True
Does 434 divide 6112166?
False
Is 50 a factor of 66006293?
False
Is 1136 a factor of 7537855?
False
Does 28 divide 114981826?
False
Is 41915219 a multiple of 437?
False
Is 28 a factor of 680385?
False
Is 1049528473 a multiple of 119?
True
Is 603 a factor of 43461828?
True
Does 1832 divide 618292285?
False
Is 9 a factor of 663403410?
True
Does 31 divide 31344100?
True
Does 37 divide 383138700?
True
Is 4 a factor of 9001680?
True
Is 2158041501 a multiple of 21?
True
Is 5986074 a multiple of 102?
True
Is 418388269 a multiple of 2?
False
Is 402839900 a multiple of 95?
True
Is 24386715 a multiple of 15?
True
Is 8933304 a multiple of 449?
True
Is 526 a factor of 7524749?
False
Is 189101562 a multiple of 307?
True
Is 1249 a factor of 95098860?
True
Is 2835 a factor of 119491893?
False
Is 16886091 a multiple of 793?
False
Is 218 a factor of 51598429?
False
Is 29 a factor of 1008747631?
False
Is 11269752 a multiple of 8?
True
Is 9852822 a multiple of 667?
False
Is 164325699 a multiple of 1081?
False
Is 373903559 a multiple of 15?
False
Is 743 a factor of 590110661?
True
Does 440 divide 110145108?
False
Is 29357328 a multiple of 94?
True
Is 2284975 a multiple of 175?
True
Is 10 a factor of 553797780?
True
Does 300 divide 461844?
False
Does 36 divide 9558169?
False
Does 2940 divide 30064440?
True
Is 37860768 a multiple of 74?
True
Does 30 divide 168959169?
False
Is 16078104 a multiple of 73?
True
Is 957256719 a multiple of 48?
False
Is 775302077 a multiple of 726?
False
Is 445082210 a multiple of 2?
True
Is 52 a factor of 5449840649?
False
Does 81 divide 4832153984?
False
Does 1089 divide 520182635?
False
Does 143 divide 2560162?
False
Does 281 divide 102063696?
True
Is 154972380 a multiple of 505?
True
Does 2288 divide 210638291?
False
Does 207 divide 62527?
False
Is 12 a factor of 8434848?
True
Is 292072365 a multiple of 5?
True
Does 473 divide 78017981?
False
Is 54 a factor of 8417682?
True
Does 111 divide 40207788?
False
Is 824053474 a multiple of 60?
False
Does 138 divide 76198080?
True
Does 164 divide 162124827?
False
Is 37379940 a multiple of 34?
True
Does 11 divide 32462783?
False
Is 451702656 a multiple of 114?
True
Is 196 a factor of 36178616?
False
Is 24 a factor of 6563664?
True
Does 1095 divide 1264899473?
False
Is 301 a factor of 45852835?
True
Is 11 a factor of 87306897?
False
Is 561 a factor of 29074401?
False
Is 210913206 a multiple of 1533?
True
Is 409 a factor of 189685556?
False
Is 18 a factor of 178624440?
True
Does 22 divide 375131834?
True
Is 140543316 a multiple of 37?
True
Is 24 a factor of 263045789?
False
Does 1803 divide 567398691?
True
Does 7638 divide 1750895128?
False
Does 4173 divide 1789152885?
True
Is 83350800 a multiple of 1521?
True
Is 666683660 a multiple of 54?
False
Is 4332736953 a multiple of 10?
False
Is 36947520 a multiple of 18?
True
Is 186234088 a multiple of 16?
False
Is 8 a factor of 680918775?
False
Is 467232572 a multiple of 4541?
True
Does 44 divide 138358176?
True
Does 812 divide 456675296?
True
Is 840586878 a multiple of 6?
True
Is 139684199 a multiple of 8?
False
Is 2211845120 a multiple of 1280?
True
Is 228 a factor of 9078276?
True
Is 622455325 a multiple of 25?
True
Does 9 divide 36748787?
False
Is 157 a factor of 102855514?
False
Does 5186 divide 874969539?
False
Is 175109373 a multiple of 23?
True
Does 41 divide 80941339?
True
Is 13 a factor of 3070184325?
True
Does 157 divide 108053790?
False
Does 103 divide 49306203?
True
Is 272230070 a multiple of 4790?
True
Is 2009712566 a multiple of 1770?
False
Is 64367185 a multiple of 53?
False
Does 48 divide 31060621?
False
Does 20 divide 11621400?
True
Does 461 divide 3781583?
True
Is 1087 a factor of 347111718?
False
Is 66958171 a multiple of 35?
False
Is 33 a factor of 3546916989?
True
Does 2608 divide 57887168?
True
Is 13356938 a multiple of 14?
True
Does 6 divide 68626418?
False
Is 132214192 a multiple of 1188?
False
Is 194 a factor of 8793678?
False
Does 35 divide 103792605?
True
Is 86 a factor of 391061178?
True
Does 15 divide 9685695?
True
Is 615604553 a multiple of 167?
False
Is 87 a factor of 10966939?
False
Does 789 divide 426048954?
True
Does 4 divide 9696564?
True
Is 5841 a factor of 898737147?
True
Is 7 a factor of 242123945?
True
Is 201987103 a multiple of 11?
False
Is 391 a factor of 38413404?
True
Does 7 divide 402538134?
False
Does 403 divide 331783855?
True
Is 4996224 a multiple of 288?
True
Is 61477504 a multiple of 176?
True
Is 1750 a factor of 755884121?
False
Is 148991157 a multiple of 1491?
True
Is 1307373821 a multiple of 80?
False
Does 899 divide 142113021?
True
Is 32 a factor of 130106546?
False
Is 594642695 a multiple of 695?
True
Is 80 a factor of 854313200?
True
Does 211 divide 567915935?
False
Is 189 a factor of 975177630?
True
Is 423731296 a multiple of 116?
True
Is 65 a factor of 1125899899?
False
Is 81 a factor of 14759738?
False
Is 2621 a factor of 67941562?
True
Is 6 a factor of 58452012?
True
Does 857 divide 24778441?
True
Does 10008 divide 1571805699?
False
Does 393 divide 863670229?
False
Does 123 divide 79385883?
False
Does 42 divide 1787770359?
False
Does 106 divide 82674700?
True
Does 31 divide 1004550536?
True
Is 27311094 a multiple of 1401?
True
Does 706 divide 250772850?
False
Is 2 a factor of 3051870?
True
Does 60 divide 777446700?
True
Does 18 divide 1606518?
True
Does 168 divide 3061039641?
False
Does 372 divide 199726056?
True
Does 3699 divide 66770649?
True
Does 2043 divide 2670201?
True
Is 8 a factor of 6314216?
True
Is 160315015 a multiple of 3?
False
Is 2420363785 a multiple of 6755?
True
Does 3289 divide 12076490?
False
Is 87 a factor of 51308598?
True
Does 74 divide 1